{"id":61,"date":"2024-12-26T13:23:48","date_gmt":"2024-12-26T13:23:48","guid":{"rendered":"https:\/\/kgv-luenischteich.de\/?page_id=61"},"modified":"2024-12-26T18:47:06","modified_gmt":"2024-12-26T18:47:06","slug":"willkommen","status":"publish","type":"page","link":"https:\/\/kgv-luenischteich.de\/willkommen\/","title":{"rendered":"Willkommen"},"content":{"rendered":"\n<p>Willkommen beim Internetauftritt des Kleing\u00e4rtnervereins L\u00fcnischteich e. V.<\/p>\n\n\n\n<p>Der Verein wurde 1923 gegr\u00fcndet und befindet sich direkt am&nbsp;<a href=\"https:\/\/www.braunschweig.de\/leben\/stadtportraet\/braunschweiger_ansichten\/luftbilder\/luftbildcollection\/luenischteich.php\" target=\"_blank\" rel=\"noreferrer noopener\">L\u00fcnischteich<\/a>&nbsp;in Braunschweig.<\/p>\n\n\n\n<p>Organisiert ist der Kgv. L\u00fcnischteich im&nbsp;<a href=\"http:\/\/www.gartenfreunde-braunschweig.de\/bezirk-steintor\" target=\"_blank\" rel=\"noreferrer noopener\">Bezirksverband Steintor<\/a>&nbsp;des&nbsp;<a href=\"http:\/\/www.gartenfreunde-braunschweig.de\/\" target=\"_blank\" rel=\"noreferrer noopener\">Landesverbandes Braunschweig<\/a>.<\/p>\n","protected":false},"excerpt":{"rendered":"<p>Willkommen beim Internetauftritt des Kleing\u00e4rtnervereins L\u00fcnischteich e. V. Der Verein wurde 1923 gegr\u00fcndet und befindet sich direkt am&nbsp;L\u00fcnischteich&nbsp;in Braunschweig. Organisiert ist der Kgv. L\u00fcnischteich im&nbsp;Bezirksverband Steintor&nbsp;des&nbsp;Landesverbandes Braunschweig.<\/p>\n","protected":false},"author":1,"featured_media":0,"parent":0,"menu_order":0,"comment_status":"closed","ping_status":"closed","template":"","meta":{"footnotes":""},"class_list":["post-61","page","type-page","status-publish","hentry","entry"],"_links":{"self":[{"href":"https:\/\/kgv-luenischteich.de\/willkommen\/wp-json\/wp\/v2\/pages\/61","targetHints":{"allow":["GET"]}}],"collection":[{"href":"https:\/\/kgv-luenischteich.de\/willkommen\/wp-json\/wp\/v2\/pages"}],"about":[{"href":"https:\/\/kgv-luenischteich.de\/willkommen\/wp-json\/wp\/v2\/types\/page"}],"author":[{"embeddable":true,"href":"https:\/\/kgv-luenischteich.de\/willkommen\/wp-json\/wp\/v2\/users\/1"}],"replies":[{"embeddable":true,"href":"https:\/\/kgv-luenischteich.de\/willkommen\/wp-json\/wp\/v2\/comments?post=61"}],"version-history":[{"count":2,"href":"https:\/\/kgv-luenischteich.de\/willkommen\/wp-json\/wp\/v2\/pages\/61\/revisions"}],"predecessor-version":[{"id":151,"href":"https:\/\/kgv-luenischteich.de\/willkommen\/wp-json\/wp\/v2\/pages\/61\/revisions\/151"}],"wp:attachment":[{"href":"https:\/\/kgv-luenischteich.de\/willkommen\/wp-json\/wp\/v2\/media?parent=61"}],"curies":[{"name":"wp","href":"https:\/\/api.w.org\/{rel}","templated":true}]}}

<p>Willkommen beim Internetauftritt des Kleingärtnervereins Lünischteich e. V.</p>



<p>Der Verein wurde 1923 gegründet und befindet sich direkt am&nbsp;<a href="https://www.braunschweig.de/leben/stadtportraet/braunschweiger_ansichten/luftbilder/luftbildcollection/luenischteich.php" target="_blank" rel="noreferrer noopener">Lünischteich</a>&nbsp;in Braunschweig.</p>



<p>Organisiert ist der Kgv. Lünischteich im&nbsp;<a href="http://www.gartenfreunde-braunschweig.de/bezirk-steintor" target="_blank" rel="noreferrer noopener">Bezirksverband Steintor</a>&nbsp;des&nbsp;<a href="http://www.gartenfreunde-braunschweig.de/" target="_blank" rel="noreferrer noopener">Landesverbandes Braunschweig</a>.</p>

<p>Willkommen beim Internetauftritt des Kleingärtnervereins Lünischteich e. V. Der Verein wurde 1923 gegründet und befindet sich direkt am&nbsp;Lünischteich&nbsp;in Braunschweig. Organisiert ist der Kgv. Lünischteich im&nbsp;Bezirksverband Steintor&nbsp;des&nbsp;Landesverbandes Braunschweig.</p>
